 + 204430310?
204430244
In base 15, what is 2680ba + 17?
2680d2
In base 7, what is -3 + 162060025?
162060022
In base 12, what is -16549 - 9?
-16556
In base 7, what is 23 - -100020126?
100020152
In base 6, what is -3241515 + -5?
-3241524
In base 13, what is 463101 + 0?
463101
In base 16, what is -76 + 322ad?
32237
In base 5, what is 3134 - -1442441?
2001130
In base 12, what is -4 - -594652bb?
594652b7
In base 7, what is -5462646 + 2?
-5462644
In base 16, what is 71 - -2d974?
2d9e5
In base 14, what is -12 - -13d1ad?
13d19b
In base 12, what is 2a + -6685?
-6657
In base 4, what is -222212113021 + -11?
-222212113032
In base 7, what is 250 - -5146166?
5146446
In base 8, what is 0 + -205647470?
-205647470
In base 8, what is -121562577 - 3?
-121562602
In base 8, what is -740554606 - 2?
-740554610
In base 12, what is -4197423 + -6?
-4197429
In base 5, what is 2 - -401224231241?
401224231243
In base 4, what is -21001231 - -3031?
-20332200
In base 6, what is 101035 + -1400?
55235
In base 12, what is 21 + -1067710?
-10676ab
In base 11, what is -171a8 - 65a5?
-227a2
In base 5, what is 124023440142 - 11?
124023440131
In base 2, what is 10100100100001101 + 1001010001?
10100101101011110
In base 5, what is 41211 - -20100?
111311
In base 16, what is -5d51da4 - 0?
-5d51da4
In base 4, what is -203121 - -2331122?
2122001
In base 7, what is 1013 + 2110135?
2111151
In base 4, what is -22 + -100321200221?
-100321200303
In base 13, what is 1 + 2503c16?
2503c17
In base 14, what is -3 - -cabb79?
cabb76
In base 2, what is 100101111110111111 - 100001100011?
100101011101011100
In base 2, what is 100 + -11011011010001001100110100?
-11011011010001001100110000
In base 14, what is a + -8625d?
-86253
In base 10, what is 3883 + -39?
3844
In base 12, what is -93b + 70963?
70024
In base 10, what is 0 + 17873109?
17873109
In base 13, what is 24 + a738b?
a73b2
In base 10, what is -39 - -32678318?
32678279
In base 3, what is -211200 + -1222202110101?
-1222210022001
In base 13, what is -b300327 - 1?
-b300328
In base 14, what is 502a + -c0a?
4220
In base 4, what is -1211211002232110 + -10?
-1211211002232120
In base 13, what is -8751 - -132?
-861c
In base 16, what is 6224 + -147?
60dd
In base 9, what is -1174 - 2652?
-3836
In base 14, what is -2 + -70c132a?
-70c132c
In base 4, what is 112101212 + 11?
112101223
In base 3, what is -12201210010 + -12122000?
-12221102010
In base 8, what is 176421 + -4572?
171627
In base 8, what is 1313764 - -153?
1314137
In base 8, what is -540755402 + -7?
-540755411
In base 15, what is -8 - 55ac71?
-55ac79
In base 16, what is -8b38047 - -1?
-8b38046
In base 14, what is 18aa + -690?
121a
In base 16, what is 4 - -fae676?
fae67a
In base 16, what is -5 - 38d484?
-38d489
In base 12, what is -23 - 72548?
-7256b
In base 14, what is -9 - 8819c?
-881a7
In base 15, what is 367e - 8415?
-4c86
In base 11, what is -293 + 1303?
1020
In base 7, what is 4 + -23246031?
-23246024
In base 9, what is 132414 - -3?
132417
In base 2, what is 10011110 + 10010110000110010?
10010110011010000
In base 7, what is 56 + 4106424?
4106513
In base 2, what is -101110101110000111110001 - 0?
-101110101110000111110001
In base 12, what is -26 + -902b51b?
-902b545
In base 11, what is 11 - -7533a2?
753403
In base 16, what is 90a6f - -1?
90a70
In base 2, what is 111010100 - -1010001001?
10001011101
In base 5, what is 10 + 1314404200?
1314404210
In base 4, what is -122220 + -3130121?
-3313001
In base 16, what is 19 - 397fe?
-397e5
In base 13, what is 67a - 1c7?
483
In base 4, what is -12303011 - 3311?
-12312322
In base 3, what is 221221000112101 - 1?
221221000112100
In base 7, what is 223212023 + -20?
223212003
In base 13, what is -3c + 50506c?
505030
In base 7, what is -4352 - -352?
-4000
In base 5, what is 0 - -32134041100?
32134041100
In base 6, what is -4303042 + 4222?
-4254420
In base 6, what is -134352112 - 12?
-134352124
In base 5, what is -11 + -3201420021?
-3201420032
In base 9, what is -1302 + 123737?
122435
In base 13, what is 58917b + -2?
589179
In base 11, what is 134378 - -28?
1343a5
In base 4, what is -2 - -11211122003?
11211122001
In base 12, what is 19a36249 + 9?
19a36256
In base 2, what is -1000010100 + 1001110001111011111?
1001110000111001011
In base 10, what is -44866 - 7737?
-52603
In base 12, what is 5 + 51365b7?
5136600
In base 15, what is 573a5 + -3b?
57369
In base 11, what is -52707 + -42?
-52749
In base 12, what is 302b5237 - -4?
302b523b
In base 12, what is -151 - 3324?
-3475
In base 16, what is 9 + -106d86?
-106d7d
In base 8, what is -61677 - 3133?
-65032
In base 16, what is -286b3f20 - -2?
-286b3f1e
In base 15, what is a5 - -8544?
85e9
In base 5, what is -112214 - -23440?
-33224
In base 13, what is 32b - 1319?
-cbb
In base 3, what is -1210010120 + 1110120221?
-22112122
In base 10, what is 31 + 3590503?
3590534
In base 4, what is 133 - -3031233011122?
3031233011321
In base 2, what is -1010110100111 + -11000000?
-1011001100111
In base 14, what is -83b66 + 35?
-83b31
In base 5, what is 0 - -43441433131?
43441433131
In base 5, what is -1110202404000 - -10?
-1110202403440
In base 7, what is 110116 - -6145?
116264
In base 4, what is -2220120200230 - 3?
-2220120200233
In base 3, what is -22001122 + 101110021?
2101122
In base 16, what is -7291 - 4c6?
-7757
In base 3, what is 1112 - 2002222210?
-2002221021
In base 15, what is ee6 + -e3d?
a8
In base 8, what is -4 + 7111067?
7111063
In base 7, what is -1021151 + -2022?
-1023203
In base 5, what is -3223322210 - -23?
-3223322132
In base 7, what is 3360124604 - -2?
3360124606
In base 6, what is 12543400 + -433?
12542523
In base 10, what is 13 - -1401888?
1401901
In base 9, what is 4 - -7440867?
7440872
In base 14, what is 7 + -4d15670?
-4d15667
In base 16, what is 15 + -9a360?
-9a34b
In base 12, what is -1762 - -69591?
67a2b
In base 2, what is -101101101010 + 111001000000?
1011010110
In base 8, what is -4113703 - -1?
-4113702
In base 16, what is -230 - 80dd?
-830d
In base 9, what is -33 + 20373664?
20373631
In base 7, what is -560222302 - -3?
-560222266
In base 11, what is -8 - -2a18195?
2a18188
In base 6, what is -1144115022 + 0?
-1144115022
In base 10, what is 365 - -60108?
60473
In base 15, what is -d3 - -178a3?
177c0
In base 6, what is 212314144 - -22?
212314210
In base 14, what is 35225 + 1cb?
35412
In base 5, what is 4041140 + -12412?
4023223
In base 11, what is -90 - 56982?
-56a62
In base 8, what is -702 - 120562?
-121464
In base 10, what is 219100 + -140?
218960
In base 3, what is -1 - 12121211221111?
-12121211221112
In base 7, what is -2 + 54316365?
54316363
In base 13, what is 13962343 + -1?
13962342
In base 16, what is 6 + -8ab3ed3?
-8ab3ecd
In base 14, what is 24a496c - -1?
24a496d
In base 8, what is -25362 + 2701?
-22461
In base 16, what is -18e5 + 21?
-18c4
In base 15, what is -188b5 - b0?
-18975
In base 9, what is 3 + -578167131?
-578167127
In base 7, what is 2052233356 + -5?
2052233351
In base 5, what is -3 + -42140011331?
-42140011334
In base 3, what is -11 + -10211121202020?
-10211121202101
In base 3, what is 102010221010 - 1100212?
102002120021
In base 15, what is -2 + -154218?
-15421a
In base 5, what is 41342011132 + 0?
41342011132
In base 3, what is 200002202 + -111210?
122120222
In base 9, what is 223887112 + -1?
223887111
In base 5, what is -440012122012 - -4?
-440012122003
In base 15, what is -1 - -1ed3115?
1ed3114
In base 12, what is 9a - 7936ab?
-793611
In base 6, what is 155211 + 534214?
1133425
In base 16, what is -3e + 11159c?
11155e
In base 11, what is 8400807 + -3?
8400804
In base 3, what is -121201012010202 + -11?
-121201012010220
In base 12, what is 9398b8 + 6?
939902
In base 7, what is -1115 - -42222?
41104
In base 7, what is -21 + -44164350?
-44164401
In base 13, what is 2146 - -7a6?
291c
In base 9, what is 4758523 + -2?
4758521
In base 4, what is 1001121320120 + -2?
1001121320112
In base 11, what is -1 + 36484a86?
36484a85
In base 13, what is -133 - 13025?
-13158
In base 4, what is 2112130301022 - 1?
2112130301021
In base 5, what is 400301 - 11102?
334144
In base 12, what is -1 - 367076a?
-367076b
In base 4, what is -1213 - -1131222312?
1131221033
In base 13, what is -159 + 12930?
127a4
In base 16, what is -349 + 6ec60?
6e917
In base 10, what is -89460 + 117?
-89343
In base 12, what is 2391395